{"version":"1.0","provider_name":"TRC","provider_url":"https:\/\/www.teakrc.com\/pb","author_name":"TRC","author_url":"https:\/\/www.teakrc.com\/pb\/author\/trc\/","title":"TRC em linha com o Pacto Ecol\u00f3gico Europeu - TRC","type":"rich","width":600,"height":338,"html":"<blockquote class=\"wp-embedded-content\" data-secret=\"E8Ktr2Dc50\"><a href=\"https:\/\/www.teakrc.com\/pb\/trc-em-linha-com-o-pacto-ecologico-europeu\/\">TRC em linha com o Pacto Ecol\u00f3gico Europeu<\/a><\/blockquote><iframe sandbox=\"allow-scripts\" security=\"restricted\" src=\"https:\/\/www.teakrc.com\/pb\/trc-em-linha-com-o-pacto-ecologico-europeu\/embed\/#?secret=E8Ktr2Dc50\" width=\"600\" height=\"338\" title=\"&#8220;TRC em linha com o Pacto Ecol\u00f3gico Europeu&#8221; &#8212; TRC\" data-secret=\"E8Ktr2Dc50\" frameborder=\"0\" marginwidth=\"0\" marginheight=\"0\" scrolling=\"no\" class=\"wp-embedded-content\"><\/iframe><script type=\"text\/javascript\">\n\/* <![CDATA[ *\/\n\/*! This file is auto-generated *\/\n!function(d,l){\"use strict\";l.querySelector&&d.addEventListener&&\"undefined\"!=typeof URL&&(d.wp=d.wp||{},d.wp.receiveEmbedMessage||(d.wp.receiveEmbedMessage=function(e){var t=e.data;if((t||t.secret||t.message||t.value)&&!\/[^a-zA-Z0-9]\/.test(t.secret)){for(var s,r,n,a=l.querySelectorAll('iframe[data-secret=\"'+t.secret+'\"]'),o=l.querySelectorAll('blockquote[data-secret=\"'+t.secret+'\"]'),c=new RegExp(\"^https?:$\",\"i\"),i=0;i<o.length;i++)o[i].style.display=\"none\";for(i=0;i<a.length;i++)s=a[i],e.source===s.contentWindow&&(s.removeAttribute(\"style\"),\"height\"===t.message?(1e3<(r=parseInt(t.value,10))?r=1e3:~~r<200&&(r=200),s.height=r):\"link\"===t.message&&(r=new URL(s.getAttribute(\"src\")),n=new URL(t.value),c.test(n.protocol))&&n.host===r.host&&l.activeElement===s&&(d.top.location.href=t.value))}},d.addEventListener(\"message\",d.wp.receiveEmbedMessage,!1),l.addEventListener(\"DOMContentLoaded\",function(){for(var e,t,s=l.querySelectorAll(\"iframe.wp-embedded-content\"),r=0;r<s.length;r++)(t=(e=s[r]).getAttribute(\"data-secret\"))||(t=Math.random().toString(36).substring(2,12),e.src+=\"#?secret=\"+t,e.setAttribute(\"data-secret\",t)),e.contentWindow.postMessage({message:\"ready\",secret:t},\"*\")},!1)))}(window,document);\n\/* ]]> *\/\n<\/script>\n","thumbnail_url":"https:\/\/www.teakrc.com\/wp-content\/uploads\/2023\/07\/Foto_@teakrc_2019____80.jpg","thumbnail_width":2000,"thumbnail_height":1333,"description":"[vc_row][vc_column][vc_column_text]Para promover uma Economia mais limpa e verde: importa\u00e7\u00e3o de produtos provenientes de \u00e1reas desmatadas \u00e9 proibida na Europa[\/vc_column_text][vc_empty_space][vc_column_text]As altera\u00e7\u00f5es clim\u00e1ticas e a degrada\u00e7\u00e3o do meio ambiente s\u00e3o uma\u00a0amea\u00e7a existencial para todo o mundo. Mas, com o esfor\u00e7o de todos, poderemos come\u00e7ar a\u00a0minimizar os danos\u00a0e promover um\u00a0desenvolvimento mais sustent\u00e1vel.[\/vc_column_text][vc_empty_space height=&#8221;30px&#8221;][\/vc_column][\/vc_row][vc_row][vc_column width=&#8221;2\/3&#8243;][vc_column_text] O Pacto Ecol\u00f3gico Europeu"}

TRC em linha com o Pacto Ecológico Europeu - TRC

<blockquote class="wp-embedded-content" data-secret="E8Ktr2Dc50"><a href="https://www.teakrc.com/pb/trc-em-linha-com-o-pacto-ecologico-europeu/">TRC em linha com o Pacto Ecológico Europeu</a></blockquote><iframe sandbox="allow-scripts" security="restricted" src="https://www.teakrc.com/pb/trc-em-linha-com-o-pacto-ecologico-europeu/embed/#?secret=E8Ktr2Dc50" width="600" height="338" title="&#8220;TRC em linha com o Pacto Ecológico Europeu&#8221; &#8212; TRC" data-secret="E8Ktr2Dc50" frameborder="0" marginwidth="0" marginheight="0" scrolling="no" class="wp-embedded-content"></iframe><script type="text/javascript">
/* <![CDATA[ */
/*! This file is auto-generated */
!function(d,l){"use strict";l.querySelector&&d.addEventListener&&"undefined"!=typeof URL&&(d.wp=d.wp||{},d.wp.receiveEmbedMessage||(d.wp.receiveEmbedMessage=function(e){var t=e.data;if((t||t.secret||t.message||t.value)&&!/[^a-zA-Z0-9]/.test(t.secret)){for(var s,r,n,a=l.querySelectorAll('iframe[data-secret="'+t.secret+'"]'),o=l.querySelectorAll('blockquote[data-secret="'+t.secret+'"]'),c=new RegExp("^https?:$","i"),i=0;i<o.length;i++)o[i].style.display="none";for(i=0;i<a.length;i++)s=a[i],e.source===s.contentWindow&&(s.removeAttribute("style"),"height"===t.message?(1e3<(r=parseInt(t.value,10))?r=1e3:~~r<200&&(r=200),s.height=r):"link"===t.message&&(r=new URL(s.getAttribute("src")),n=new URL(t.value),c.test(n.protocol))&&n.host===r.host&&l.activeElement===s&&(d.top.location.href=t.value))}},d.addEventListener("message",d.wp.receiveEmbedMessage,!1),l.addEventListener("DOMContentLoaded",function(){for(var e,t,s=l.querySelectorAll("iframe.wp-embedded-content"),r=0;r<s.length;r++)(t=(e=s[r]).getAttribute("data-secret"))||(t=Math.random().toString(36).substring(2,12),e.src+="#?secret="+t,e.setAttribute("data-secret",t)),e.contentWindow.postMessage({message:"ready",secret:t},"*")},!1)))}(window,document);
/* ]]> */
</script>

[vc_row][vc_column][vc_column_text]Para promover uma Economia mais limpa e verde: importação de produtos provenientes de áreas desmatadas é proibida na Europa[/vc_column_text][vc_empty_space][vc_column_text]As alterações climáticas e a degradação do meio ambiente são uma ameaça existencial para todo o mundo. Mas, com o esforço de todos, poderemos começar a minimizar os danos e promover um desenvolvimento mais sustentável.[/vc_column_text][vc_empty_space height=&#8221;30px&#8221;][/vc_column][/vc_row][vc_row][vc_column width=&#8221;2/3&#8243;][vc_column_text] O Pacto Ecológico Europeu
